 = -201 + 311. Suppose -3*o - 11 = -y. What is the greatest common divisor of o and s?
11
Let x be (0 - 3) + 3 - -72. Let k(s) = 3*s - 12. Let g be k(12). What is the highest common factor of g and x?
24
Suppose 3*g - 102 = 2*f, 5*g + 39 = 5*f + 204. Let n = -8 - -11. Suppose -n = 3*u - 30. Calculate the highest common divisor of u and g.
9
Let r be 5 - (6 - 5)*-1. What is the highest common divisor of r and 324?
6
Suppose r - 4 = -2*k - 0*r, -r = 4. Suppose -k*z - 13 = -73. Calculate the highest common divisor of z and 10.
5
Let b(i) = -i - 1. Let f be b(-2). Let j be (f + -6)/(10/(-4)). Let v be 15 - (j + -3)*-1. Calculate the highest common divisor of 56 and v.
14
Suppose 6*j + 5 = 7*j, 5*g - 3*j = 195. What is the highest common divisor of g and 42?
42
Suppose -d + 383 = -9. Calculate the highest common divisor of 49 and d.
49
Let n(z) = 52*z - 9. Let u be n(2). Suppose 3*s = 8*s - u. What is the highest common factor of 152 and s?
19
Let v(y) = 12 + y**2 + 0*y + 2*y**2 - y**2 - 3*y. Let g be v(7). Suppose 0 = -4*r + 5*c + g, -3 = -c - 4. What is the greatest common factor of 21 and r?
21
Let u(g) = 402*g**2 + 15*g + 17. Let l be u(-1). What is the greatest common factor of l and 4?
4
Let t = 10 - 2. Let o = 1222 + -1070. What is the greatest common factor of t and o?
8
Let o be 3/((-6)/55)*-2. Suppose -3*q - 2*l = l - 48, 4*q + l = o. Let c be 14/2 - 1*2 - -138. What is the highest common divisor of c and q?
13
Suppose -12*j = -6*j. Suppose j = q + q - 42. Calculate the greatest common divisor of q and 21.
21
Let n(u) = 4*u - 40. Let y be n(10). Suppose -r - 2*o + 233 = y, 0 = r - 2*o - 3*o - 226. What is the greatest common divisor of 33 and r?
33
Suppose 0*k = -k + 3. Let t(f) = 5*f**2 + 9*f - 16. Let x be t(-12). Suppose k*n + 245 = x. Calculate the greatest common divisor of 13 and n.
13
Suppose -2*a - 7*f + 325 = -8*f, 0 = -4*f + 12. What is the highest common divisor of a and 41?
41
Let r be 1/(2 - 8) + (-9)/(-54). Let c be r - (-2 - -5) - 156/(-1). What is the highest common divisor of c and 9?
9
Suppose 2*a + 3*t + 16 = 0, 0 = 2*a + 3*a + 3*t + 58. Let r = a - -20. Suppose -r*v = -10*v + 20. What is the highest common factor of v and 15?
5
Let f = 88 + 133. What is the greatest common factor of f and 17?
17
Let p = -27 - -50. Suppose 4*w - 619 = 5*v, 2*w = -67*v + 68*v + 317. Calculate the highest common divisor of p and w.
23
Let d = 246 + -230. What is the greatest common factor of 26 and d?
2
Suppose j = 2*j - 3, -4*j + 132 = 5*w. What is the highest common divisor of w and 312?
24
Let z = -36 + 120. Calculate the greatest common divisor of 84 and z.
84
Suppose -2*q + l + 1150 = 0, 6*l - 10*l = 0. Calculate the highest common divisor of 92 and q.
23
Let o(i) = -7*i + 169. Let b be o(23). Calculate the greatest common factor of 24 and b.
8
Suppose -6*i + i - 2*d + 1517 = 0, -4*d = -4. Let u = i - 100. What is the highest common factor of u and 29?
29
Suppose 0 = 2*t - 10, 3*p + 4*t + 33 = 227. What is the greatest common factor of p and 638?
58
Let k = 46 - 25. Let g be (-6)/k - (-114)/7. Let f = 49 - g. What is the highest common factor of 11 and f?
11
Let x(c) = -701*c**3 - c**2 - c + 1. Let o be x(-1). Calculate the greatest common divisor of 54 and o.
54
Suppose 6*j - 30 = -0*j. Let s(b) = b**2 - 13*b + 44. Let i be s(j). What is the highest common factor of i and 6?
2
Let g(r) = 24*r. Suppose 0*h + 16 = 2*h. Let y be g(h). Suppose 4*p = -j + y, -j - 2*p + 36 = -148. Calculate the greatest common divisor of j and 16.
16
Let d = -31 + 41. Suppose -828 + 78 = -15*a. What is the greatest common divisor of a and d?
10
Let q = -1027 - -1035. Calculate the highest common factor of 1592 and q.
8
Let c = 93 + -130. Let j = -23 - c. Calculate the highest common divisor of j and 84.
14
Suppose 11 - 37 = -n - 3*w, -158 = -5*n - w. Let a = 31 - 33. Let x be -1347*2/(-21) + a/7. Calculate the greatest common divisor of x and n.
32
Let w be ((-1701)/54)/(6/(-16)). Calculate the greatest common divisor of w and 154.
14
Suppose 4*p = 2*a - 8 - 20, 88 = 5*a - p. Calculate the greatest common factor of 6 and a.
6
Let s(q) = q**3 - 8*q**2 + 8*q + 3. Let l be s(7). Suppose -w + r + 2 = -23, 0 = -w - 4*r + l. What is the greatest common factor of 88 and w?
22
Suppose -2*q + 38 = -2*y, -4*y + 10 - 30 = 0. Calculate the greatest common factor of 518 and q.
14
Suppose 0 = 2*f + 3*y - 55 - 14, -4*f = y - 133. Let b be 4/((-24)/(-9))*(f - -1). What is the greatest common divisor of 34 and b?
17
Suppose 4*d + 156 = -5*g + 1436, 2*d = 2*g + 622. What is the greatest common divisor of d and 45?
45
Suppose 5*t + 5*m - 150 = 7*m, 0 = -2*m - 10. What is the greatest common divisor of 252 and t?
28
Suppose 106 = 5*t + 61. Suppose -34 + 232 = t*n. Calculate the highest common factor of 99 and n.
11
Let w = -362 + 365. Calculate the highest common factor of w and 48.
3
Suppose -3*k - k = -8. Let o(m) = -m**3 + 4*m**2 + 4*m + 64. Let d be o(6). Calculate the highest common factor of k and d.
2
Let a = -4 + 13. Let g(f) = -f**3 + 9*f**2 + 4*f - 19. Let q be g(a). Calculate the greatest common divisor of q and 17.
17
Let w = 189 + -180. What is the greatest common divisor of w and 12?
3
Suppose 39 = 3*w - 3. Calculate the greatest common divisor of w and 966.
14
Let n = -16 + 13. Let q be -2 + 32 + (n - -5). What is the highest common divisor of q and 4?
4
Let n(s) = -s**3 - 16*s**2 + 38*s + 42. Let l be n(-18). Calculate the greatest common factor of l and 258.
6
Let h(b) = 163*b**2 - 2*b + 1. Let k be h(1). Suppose 0 = -3*n - 2*d - 119, -n - k = 3*n + d. Let x = 73 + n. Calculate the greatest common factor of 4 and x.
4
Suppose 19827 - 3335 = 14*f. Suppose 122 - f = -6*c. What is the highest common factor of c and 16?
16
Suppose b - 2*b = 0. Suppose 30 = 5*z - 5*g, -4*g + b*g - 16 = -2*z. Let u be 59/z + 3/12. What is the highest common divisor of 15 and u?
15
Let x(y) = -y**3 - 4*y**2 + 3*y. Let i be x(-5). What is the greatest common factor of 75 and i?
5
Let a(w) = -8 - 31*w + 5 - 46*w. Let b be a(-2). Let t = b + -64. What is the highest common factor of 29 and t?
29
Let b(l) = 21*l - 339. Let s be b(19). Calculate the greatest common factor of s and 135.
15
Suppose 115*u - 26 = 113*u. Calculate the greatest common divisor of 169 and u.
13
Suppose -2*h = -5*h + 30. Let k be -3 - (-5*8)/5. Suppose -4*s - k = 7, -4*b + 412 = -4*s. Calculate the greatest common factor of h and b.
10
Let y(i) = 3*i - 31. Let h(f) = f - 1. Suppose -90 = 9*v - 36. Let w(g) = v*h(g) + y(g). Let x be w(-10). Calculate the greatest common divisor of x and 5.
5
Let h(q) = q**2 + 8*q + 12. Suppose -4*r - r = -4*s + 53, -3*r - 2*s = 23. Let v be h(r). Calculate the highest common factor of v and 189.
21
Let v(u) = 6*u**2 - 4*u. Let p be v(5). Let r(o) = -o**3 + 17*o**2 - 16*o + 13. Let h be r(16). Calculate the greatest common factor of h and p.
13
Suppose 2*n + 19 = 4*u + 3*n, 5*u + 5*n = 35. Suppose 67 + 9 = 5*l - 2*t, 0 = 5*l + u*t - 58. Calculate the greatest common divisor of l and 98.
14
Let j = 904 + -868. Let m = -53 + 77. Calculate the highest common divisor of j and m.
12
Let p(m) = m - 1. Let d be p(7). Suppose 0 = -0*a + d*a - 30. Suppose -a*i + 113 = -87. Calculate the highest common divisor of i and 20.
20
Suppose -10*l = 229 - 629. Suppose 20 = -0*i + 4*i, -3*d + 5 = -2*i. What is the highest common factor of l and d?
5
Suppose -10 + 1 = -5*r - 3*v, 2*r + 2*v - 2 = 0. Let j(m) = m - 11. Let u be j(14). Suppose r = u*k - 9. What is the highest common factor of k and 1?
1
Suppose -2*y + 3*g - 40 = -184, -3*g + 231 = 3*y. What is the highest common factor of y and 200?
25
Let i(h) = h**2 + 29*h - 28. Let c be i(-26). Let w = c - -190. What is the greatest common divisor of w and 12?
12
Suppose 17*i - 2106 = 8*i. Calculate the highest common divisor of i and 54.
18
Suppose -3*v - 4*d + 16 = -3, 5*v = 3*d + 22. Let m be (32/40)/(2/v). Suppose m*s + 20 = l, 2*l - s = 3 + 31. What is the highest common factor of l and 8?
8
Suppose -2*n = 5*o - 3685, 6*n - 5*n + 1474 = 2*o. Calculate the highest common factor of 11 and o.
11
Let s(t) = 13*t**2 + 3*t - 2. Let d be (10 + -3)*(-10)/(-35). Let l be s(d). Calculate the greatest common divisor of 84 and l.
28
Let f = 276 - 181. 